1.
501
Calculate the greatest common divisor of 747212 and 4581.
509
Calculate the highest common divisor of 34638 and 184.
46
Calculate the greatest common divisor of 944 and 220.
4
Calculate the greatest common divisor of 645139 and 105479.
2453
Calculate the greatest common divisor of 90 and 24470.
10
Calculate the greatest common factor of 2236 and 65102.
86
What is the greatest common divisor of 2058 and 186?
6
What is the greatest common divisor of 2192708 and 56?
28
What is the highest common factor of 25870 and 250?
10
Calculate the greatest common factor of 9616 and 2416.
16
Calculate the greatest common divisor of 766184 and 16.
8
What is the greatest common factor of 23 and 141289?
23
Calculate the greatest common divisor of 57 and 32243.
19
Calculate the highest common factor of 2998272 and 64.
64
What is the highest common factor of 2354 and 11342?
214
What is the greatest common factor of 3600 and 153?
9
Calculate the greatest common divisor of 243540 and 11.
11
What is the greatest common divisor of 432 and 712848?
48
What is the highest common factor of 378 and 393?
3
Calculate the greatest common factor of 25277 and 1633.
23
Calculate the highest common divisor of 209 and 99.
11
What is the highest common factor of 29 and 841464?
29
What is the greatest common factor of 930844 and 4?
4
What is the highest common divisor of 299 and 241891?
299
Calculate the greatest common factor of 423858 and 1107.
123
Calculate the highest common factor of 14178 and 204.
102
Calculate the highest common divisor of 11412 and 8982.
18
Calculate the highest common divisor of 2390 and 20.
10
What is the highest common divisor of 53496 and 72?
72
Calculate the greatest common factor of 347220 and 1215.
135
What is the greatest common divisor of 612 and 223128?
36
What is the greatest common divisor of 21 and 604191?
21
Calculate the greatest common factor of 180 and 1611.
9
What is the greatest common factor of 1135 and 319616?
227
Calculate the greatest common divisor of 4429 and 2838.
43
Calculate the highest common divisor of 198 and 1296.
18
Calculate the greatest common factor of 61452 and 216.
108
What is the highest common divisor of 108 and 23292?
36
Calculate the greatest common divisor of 447 and 208302.
447
Calculate the highest common factor of 27922 and 414.
46
Calculate the greatest common divisor of 765 and 308601.
153
Calculate the greatest common divisor of 385 and 218435.
35
Calculate the greatest common divisor of 63 and 48881.
7
What is the greatest common divisor of 1250676 and 21?
21
Calculate the greatest common divisor of 7332 and 5868.
12
Calculate the highest common divisor of 66 and 3026298.
66
Calculate the greatest common factor of 1212 and 133118.
202
Calculate the greatest common factor of 36915 and 591.
3
What is the highest common divisor of 40572 and 16284?
276
Calculate the greatest common factor of 3234 and 1034.
22
Calculate the greatest common divisor of 269450 and 340.
170
What is the highest common divisor of 302 and 76?
2
Calculate the greatest common factor of 668431 and 3028.
757
Calculate the highest common factor of 12913 and 28046.
37
What is the greatest common divisor of 1991159 and 17?
17
Calculate the greatest common divisor of 6958 and 6566.
98
Calculate the highest common factor of 11424 and 1547.
119
Calculate the greatest common divisor of 3936 and 355224.
984
What is the greatest common divisor of 143 and 1111?
11
What is the greatest common factor of 104000 and 3125?
125
Calculate the highest common factor of 6625 and 1855.
265
Calculate the highest common factor of 9332 and 36.
4
What is the greatest common divisor of 566 and 4722987?
283
What is the highest common divisor of 2 and 1632?
2
What is the highest common factor of 71872 and 512?
64
What is the greatest common divisor of 67521 and 1278?
213
Calculate the highest common factor of 23346 and 9.
9
Calculate the highest common divisor of 35 and 162659.
7
What is the greatest common divisor of 407913 and 15254?
263
What is the greatest common factor of 183516 and 1344?
12
Calculate the highest common divisor of 532 and 87556.
28
What is the highest common factor of 282 and 210936?
282
What is the greatest common factor of 2574810 and 3294?
1098
What is the highest common factor of 3762 and 198?
198
What is the greatest common divisor of 21122 and 24881?
179
Calculate the greatest common divisor of 81 and 3084723.
81
What is the greatest common factor of 1590 and 2862?
318
Calculate the greatest common factor of 128 and 471168.
128
Calculate the greatest common factor of 16835 and 14615.
185
What is the greatest common divisor of 575 and 2845?
5
Calculate the highest common divisor of 6368 and 128.
32
Calculate the highest common factor of 297 and 3879.
9
What is the greatest common factor of 108 and 6348?
12
Calculate the highest common factor of 17478 and 360.
18
Calculate the highest common divisor of 259792 and 416.
208
What is the greatest common factor of 828 and 29072?
92
Calculate the highest common divisor of 20448 and 3744.
288
Calculate the greatest common divisor of 107 and 11823607.
107
Calculate the greatest common factor of 29220 and 780.
60
What is the highest common divisor of 19665 and 395865?
855
What is the greatest common factor of 2132 and 432304?
164
What is the highest common divisor of 1702 and 7958?
46
What is the greatest common factor of 2924 and 27013?
17
Calculate the highest common divisor of 80957 and 35488.
1109
What is the greatest common divisor of 448 and 16044?
28
Calculate the highest common divisor of 80 and 39160.
40
What is the greatest common factor of 785040 and 720?
240
What is the greatest common divisor of 280826 and 182?
182
What is the greatest common factor of 155 and 1605?
5
What is the greatest common divisor of 32344 and 6344?
104
What is the highest common factor of 4707 and 1650065?
523
What is the greatest common divisor of 582 and 2932116?
582
Calculate the greatest common divisor of 5988 and 14856.
12
What is the highest common divisor of 1205 and 80012?
241
What is the greatest common factor of 704 and 7645616?
176
Calculate the greatest common divisor of 11200 and 130900.
700
Calculate the greatest common factor of 24340 and 860.
20
What is the highest common factor of 897 and 81328?
299
What is the greatest common factor of 1807 and 372103?
139
Calculate the greatest common divisor of 2684 and 33121.
11
What is the greatest common factor of 2961 and 749556?
423
Calculate the greatest common factor of 200 and 3025.
25
Calculate the highest common divisor of 58257 and 873.
9
Calculate the highest common divisor of 203463 and 555.
111
What is the highest common divisor of 2912 and 16471?
91
Calculate the greatest common divisor of 23668 and 610.
122
What is the highest common divisor of 789 and 492?
3
What is the greatest common factor of 200 and 308600?
200
Calculate the greatest common divisor of 558 and 31434.
186
What is the greatest common factor of 968 and 9856?
88
What is the greatest common factor of 1236 and 560732?
412
Calculate the greatest common factor of 89 and 343.
1
Calculate the highest common factor of 4020 and 2378500.
1340
Calculate the highest common factor of 589 and 2546.
19
What is the highest common factor of 198268 and 3104?
388
What is the greatest common factor of 4838 and 2714?
118
What is the greatest common factor of 1078146 and 126?
18
What is the highest common factor of 222 and 105117?
111
Calculate the highest common divisor of 8373593 and 67.
67
Calculate the highest common divisor of 1056 and 179872.
352
What is the highest common factor of 9576 and 4959?
171
Calculate the highest common factor of 32 and 5138.
2
Calculate the greatest common divisor of 49733 and 41.
41
Calculate the greatest common divisor of 33 and 48631.
11
Calculate the greatest common factor of 165 and 1220.
5
Calculate the greatest common divisor of 640 and 1376.
32
What is the highest common factor of 786 and 5552566?
262
Calculate the highest common divisor of 115628 and 8018.
422
Calculate the greatest common divisor of 53465 and 799.
17
Calculate the highest common divisor of 42 and 300734.
14
What is the greatest common factor of 1950 and 1200?
150
Calculate the g